47458016 is divided by 7806.
10
What is the remainder when 762853 is divided by 63560?
133
Calculate the remainder when 34391004 is divided by 26.
24
What is the remainder when 540371 is divided by 270184?
3
Calculate the remainder when 59553857 is divided by 33.
11
Calculate the remainder when 4827082 is divided by 31.
10
Calculate the remainder when 3361805 is divided by 1680848.
109
Calculate the remainder when 69592 is divided by 254.
250
Calculate the remainder when 4811575 is divided by 482.
251
What is the remainder when 359636 is divided by 119781?
293
Calculate the remainder when 83391 is divided by 83152.
239
What is the remainder when 61584 is divided by 4906?
2712
Calculate the remainder when 10230550 is divided by 6086.
6070
What is the remainder when 11627368 is divided by 430?
168
What is the remainder when 144571013 is divided by 189?
188
What is the remainder when 364302 is divided by 1012?
994
What is the remainder when 1318158 is divided by 758?
754
What is the remainder when 278596316 is divided by 143?
141
What is the remainder when 397697720 is divided by 132565902?
14
Calculate the remainder when 424239 is divided by 51.
21
What is the remainder when 652701 is divided by 281?
219
What is the remainder when 795095 is divided by 3715?
85
Calculate the remainder when 69973 is divided by 13147.
4238
Calculate the remainder when 18587371 is divided by 764.
15
What is the remainder when 775186 is divided by 1140?
1126
Calculate the remainder when 72400 is divided by 1452.
1252
What is the remainder when 24733919 is divided by 48?
47
What is the remainder when 273465374 is divided by 838?
834
Calculate the remainder when 173862 is divided by 1175.
1137
Calculate the remainder when 10854 is divided by 532.
214
What is the remainder when 42340 is divided by 3827?
243
What is the remainder when 459739 is divided by 11493?
19
Calculate the remainder when 223315 is divided by 55807.
87
What is the remainder when 325225 is divided by 472?
17
What is the remainder when 881513 is divided by 98?
3
What is the remainder when 27446149 is divided by 875?
24
What is the remainder when 38879746 is divided by 289?
287
Calculate the remainder when 406449 is divided by 105.
99
Calculate the remainder when 77922 is divided by 909.
657
Calculate the remainder when 288954 is divided by 178.
60
Calculate the remainder when 43316 is divided by 21638.
40
What is the remainder when 221156705 is divided by 6132?
6125
What is the remainder when 1436627807 is divided by 1270?
1267
Calculate the remainder when 98595 is divided by 98576.
19
Calculate the remainder when 673738 is divided by 941.
923
What is the remainder when 28397949 is divided by 49?
48
What is the remainder when 284490 is divided by 94809?
63
What is the remainder when 9835718 is divided by 16?
6
Calculate the remainder when 390440638 is divided by 12.
10
Calculate the remainder when 420770 is divided by 28051.
5
Calculate the remainder when 6293535 is divided by 3146589.
357
Calculate the remainder when 25341 is divided by 2615.
1806
Calculate the remainder when 130611 is divided by 153.
102
What is the remainder when 381082 is divided by 381041?
41
What is the remainder when 1590826 is divided by 129?
127
What is the remainder when 49406 is divided by 4939?
16
What is the remainder when 10153156 is divided by 1?
0
Calculate the remainder when 12429 is divided by 94.
21
What is the remainder when 680624 is divided by 490?
14
Calculate the remainder when 565567 is divided by 113047.
332
What is the remainder when 1697015 is divided by 154272?
23
Calculate the remainder when 273349525 is divided by 54669904.
5
What is the remainder when 96869 is divided by 18903?
2354
Calculate the remainder when 873495 is divided by 291154.
33
Calculate the remainder when 2564008 is divided by 2563731.
277
What is the remainder when 567352 is divided by 2851?
3
Calculate the remainder when 428942 is divided by 143.
85
Calculate the remainder when 39343129 is divided by 95493.
13
Calculate the remainder when 1106675 is divided by 368860.
95
Calculate the remainder when 1616555 is divided by 95091.
8
What is the remainder when 5211574 is divided by 1737179?
37
What is the remainder when 2397227 is divided by 11?
8
Calculate the remainder when 109814 is divided by 1590.
104
Calculate the remainder when 312519 is divided by 2838.
339
What is the remainder when 4765191 is divided by 126?
123
Calculate the remainder when 9689 is divided by 949.
199
Calculate the remainder when 236193 is divided by 236143.
50
Calculate the remainder when 978063 is divided by 162824.
1119
Calculate the remainder when 1406270 is divided by 11.
8
What is the remainder when 2827300 is divided by 4343?
7
Calculate the remainder when 31984 is divided by 15257.
1470
Calculate the remainder when 416774 is divided by 416501.
273
Calculate the remainder when 13224 is divided by 2859.
1788
Calculate the remainder when 18481845 is divided by 1493.
1491
Calculate the remainder when 1304159 is divided by 52.
51
What is the remainder when 1056105 is divided by 113?
7
What is the remainder when 107342 is divided by 2466?
1304
What is the remainder when 400439 is divided by 199687?
1065
What is the remainder when 1200381 is divided by 4197?
39
What is the remainder when 660651 is divided by 26426?
1
Calculate the remainder when 4064445 is divided by 21735.
0
Calculate the remainder when 602347 is divided by 14858.
8027
What is the remainder when 187872 is divided by 882?
6
What is the remainder when 760929066 is divided by 10?
6
What is the remainder when 29402933 is divided by 958?
955
Calculate the remainder when 6868 is divided by 3001.
866
What is the remainder when 1058636 is divided by 613?
598
What is the remainder when 440534 is divided by 88103?
19
What is the remainder when 7791968 is divided by 16?
0
What is the remainder when 209581 is divided by 571?
24
What is the remainder when 32921 is divided by 3573?
764
What is the remainder when 507276 is divided by 388?
160
What is the remainder when 782714 is divided by 195667?
46
Calculate the remainder when 861965 is divided by 272.
269
What is the remainder when 641432 is divided by 106892?
80
What is the remainder when 168676 is divided by 3182?
30
Calculate the remainder when 930098496 is divided by 1162.
1160
Calculate the remainder when 1100758 is divided by 2897.
2795
What is the remainder when 75000530 is divided by 1598?
1596
Calculate the remainder when 137204 is divided by 4590.
4094
What is the remainder when 299130 is divided by 4460?
310
Calculate the remainder when 8271463 is divided by 689284.
55
Calculate the remainder when 116120 is divided by 6362.
1604
What is the remainder when 1104854 is divided by 19049?
12
Calculate the remainder when 501119 is divided by 35755.
549
What is the remainder when 281269 is divided by 40154?
191
Calculate the remainder when 877152 is divided by 664.
8
Calculate the remainder when 3545828 is divided by 511.
510
What is the remainder when 391915 is divided by 391898?
17
Calculate the remainder when 1495273 is divided by 308.
241
Calculate the remainder when 1025707 is divided by 78899.
20
Calculate the remainder when 24957 is divided by 462.
9
What is the remainder when 80460 is divided by 80446?
14
What is the remainder when 4364173 is divided by 545521?
5
What is the remainder when 566375 is divided by 141524?
279
Calculate the remainder when 29556 is divided by 328.
36
Calculate the remainder when 165085 is divided by 11131.
9251
Calculate the remainder when 245717 is divided by 304.
85
Calculate the remainder when 247645 is divided by 247317.
328
What is the remainder when 153645 is divided by 36?
33
What is the remainder when 20995 is divided by 844?
739
What is the remainder when 1445486 is divided by 144499?
496
What is the remainder when 2333095 is divided by 10?
5
Calculate the remainder when 1097715 is divided by 17139.
819
What is the remainder when 3083805 is divided by 1412?
1409
Calculate the remainder when 49130 is divided by 2214.
422
What is the remainder when 1529912 is divided by 63?
20
What is the remainder when 82040942 is divided by 5?
2
What is the remainder when 38742 is divided by 2184?
1614
What is the remai